{"id":58,"date":"2016-08-19T21:52:01","date_gmt":"2016-08-19T20:52:01","guid":{"rendered":"http:\/\/aeriesco.cluster014.ovh.net\/?page_id=58"},"modified":"2021-11-09T14:29:30","modified_gmt":"2021-11-09T13:29:30","slug":"page-recrutement","status":"publish","type":"page","link":"https:\/\/aeriesconsulting.com\/?page_id=58","title":{"rendered":"RECRUTEMENT"},"content":{"rendered":"\n<div class=\"wp-block-group\"><div class=\"wp-block-group__inner-container\">\n<div class=\"wp-block-group\"><div class=\"wp-block-group__inner-container\">\n<h1 style=\"text-align: center;\"><span style=\"color: #333399; font-size: 18pt;\"> Aeries Consulting concentre son recrutement sur des hommes et des femmes de talent, poss\u00e9dant une solide exp\u00e9rience dans le monde du conseil\u00a0<\/span><\/h1>\n<div style=\"width: 955px;\" class=\"wp-video\"><!--[if lt IE 9]><script>document.createElement('video');<\/script><![endif]-->\n<video class=\"wp-video-shortcode\" id=\"video-58-1\" width=\"955\" height=\"537\" autoplay=\"1\" preload=\"auto\" controls=\"controls\"><source type=\"video\/mp4\" src=\"http:\/\/aeriesconsulting.com\/wp-content\/uploads\/2016\/08\/Aeries-Consulting-RH-FullHD2.mp4?_=1\" \/><a href=\"http:\/\/aeriesconsulting.com\/wp-content\/uploads\/2016\/08\/Aeries-Consulting-RH-FullHD2.mp4\">http:\/\/aeriesconsulting.com\/wp-content\/uploads\/2016\/08\/Aeries-Consulting-RH-FullHD2.mp4<\/a><\/video><\/div>\n<p style=\"text-align: center;\"><span style=\"color: #ffffff;\">&#8211;<\/span><\/p>\n<p style=\"text-align: center;\"><span style=\"font-size: 14pt;\"><strong><span style=\"color: #333399;\">Evolution<\/span><\/strong><\/span><\/p>\n<p style=\"text-align: center;\"><span style=\"color: #333399; font-size: 14pt;\"> Par votre implication et votre savoir faire, Aeries Consulting saura vous confier des responsabilit\u00e9s croissantes en ad\u00e9quation avec votre ambition<\/span><\/p>\n<p style=\"text-align: center;\"><span style=\"color: #333399; font-size: 14pt;\">Vous pourrez ainsi \u00e9voluer pour viser l\u2019expertise ou devenir Manager \/ Senior manager et participer au d\u00e9veloppement de notre structure<\/span><\/p>\n<p style=\"text-align: center;\"><span style=\"color: #ffffff;\">&#8211;<\/span><\/p>\n<p style=\"text-align: center;\"><span style=\"font-size: 14pt;\"><strong><span style=\"color: #333399;\">R\u00e9mun\u00e9ration<\/span><\/strong><\/span><br \/><span style=\"color: #333399; font-size: 14pt;\">Aeries\u00a0Consulting sait r\u00e9mun\u00e9rer les talents et leurs r\u00e9seaux en cons\u00e9quence. Vos performances seront \u00e9valu\u00e9es tous les semestres et feront l&rsquo;objet de primes d&rsquo;objectifs<\/span><\/p>\n<p style=\"text-align: center;\"><span style=\"color: #ffffff;\">&#8211;<\/span><\/p>\n<p style=\"text-align: center;\"><span style=\"font-size: 14pt;\"><strong><span style=\"color: #333399;\">Formation<\/span><\/strong><\/span><br \/><span style=\"color: #333399; font-size: 14pt;\">L\u2019objectif est de construire un parcours professionnel vari\u00e9, motivant et coh\u00e9rent dans la dur\u00e9e<\/span><\/p>\n<p style=\"text-align: center;\"><span style=\"color: #333399; font-size: 14pt;\">En int\u00e9grant Aeries Consulting, vous b\u00e9n\u00e9ficierez de notre engagement quant au d\u00e9veloppement de vos comp\u00e9tences via des formations adapt\u00e9es \u00e0 vos souhaits de parcours professionnel et votre \u00e9panouissement personnel<\/span><\/p>\n<\/div><\/div>\n<\/div><\/div>\n","protected":false},"excerpt":{"rendered":"<p>Aeries Consulting concentre son recrutement sur des hommes et des femmes de talent, poss\u00e9dant une solide exp\u00e9rience dans le monde du conseil\u00a0 &#8211; Evolution Par votre implication et votre savoir faire, Aeries Consulting saura vous confier des responsabilit\u00e9s croissantes en ad\u00e9quation avec votre ambition Vous pourrez ainsi \u00e9voluer pour viser l\u2019expertise ou devenir Manager \/ [&hellip;]<\/p>\n","protected":false},"author":1,"featured_media":0,"parent":2,"menu_order":0,"comment_status":"closed","ping_status":"closed","template":"","meta":[],"_links":{"self":[{"href":"https:\/\/aeriesconsulting.com\/index.php?rest_route=\/wp\/v2\/pages\/58"}],"collection":[{"href":"https:\/\/aeriesconsulting.com\/index.php?rest_route=\/wp\/v2\/pages"}],"about":[{"href":"https:\/\/aeriesconsulting.com\/index.php?rest_route=\/wp\/v2\/types\/page"}],"author":[{"embeddable":true,"href":"https:\/\/aeriesconsulting.com\/index.php?rest_route=\/wp\/v2\/users\/1"}],"replies":[{"embeddable":true,"href":"https:\/\/aeriesconsulting.com\/index.php?rest_route=%2Fwp%2Fv2%2Fcomments&post=58"}],"version-history":[{"count":43,"href":"https:\/\/aeriesconsulting.com\/index.php?rest_route=\/wp\/v2\/pages\/58\/revisions"}],"predecessor-version":[{"id":1061,"href":"https:\/\/aeriesconsulting.com\/index.php?rest_route=\/wp\/v2\/pages\/58\/revisions\/1061"}],"up":[{"embeddable":true,"href":"https:\/\/aeriesconsulting.com\/index.php?rest_route=\/wp\/v2\/pages\/2"}],"wp:attachment":[{"href":"https:\/\/aeriesconsulting.com\/index.php?rest_route=%2Fwp%2Fv2%2Fmedia&parent=58"}],"curies":[{"name":"wp","href":"https:\/\/api.w.org\/{rel}","templated":true}]}}